{"id":5,"date":"2016-08-11T11:24:03","date_gmt":"2016-08-11T09:24:03","guid":{"rendered":"http:\/\/ferien-kreta.de\/?page_id=5"},"modified":"2019-11-06T10:46:50","modified_gmt":"2019-11-06T09:46:50","slug":"polski-polnisch","status":"publish","type":"page","link":"https:\/\/ferien-kreta.de\/pl\/","title":{"rendered":"Serdecznie witamy w po\u0142udniowej Krecie w Listaros, gdzie mieszka s\u0142o\u0144ce!"},"content":{"rendered":"<img loading=\"lazy\" decoding=\"async\" class=\"alignright size-medium wp-image-252\" src=\"https:\/\/ferien-kreta.de\/wp-content\/uploads\/2017\/04\/Ferien-Kreta-3-300x200.jpg\" alt=\"\" width=\"300\" height=\"200\" srcset=\"https:\/\/ferien-kreta.de\/wp-content\/uploads\/2017\/04\/Ferien-Kreta-3-300x200.jpg 300w, https:\/\/ferien-kreta.de\/wp-content\/uploads\/2017\/04\/Ferien-Kreta-3-768x511.jpg 768w, https:\/\/ferien-kreta.de\/wp-content\/uploads\/2017\/04\/Ferien-Kreta-3-1024x681.jpg 1024w, https:\/\/ferien-kreta.de\/wp-content\/uploads\/2017\/04\/Ferien-Kreta-3.jpg 1600w\" sizes=\"auto, (max-width: 300px) 100vw, 300px\" \/>Kreta mo\u017ce oczarowa\u0107 swoj\u0105 kultur\u0105, mieszka\u0144cami, kuchni\u0105, widokami i pewn\u0105 pogod\u0105.<br \/>\nNasza c\u00f3rka Izabella prowadz\u0105c budow\u0119 naszego objektu w roku 2007, zapomnia\u0142a jak wygl\u0105daj\u0105 chmury. Przez 5 miesi\u0119cy ich nie widzia\u0142a i gdy niespodziewanie cie\u0144 przeszed\u0142 przez Listaros, przestraszy\u0142a sie jakby mia\u0142o nast\u0105pi\u0107 jakie\u015b nieszcz\u0119\u015bcie. To by\u0142o we wrze\u015bniu a chmura na b\u0142ekitnym niebie by\u0142a bardza ma\u0142a i znikn\u0119\u0142a tak szybko jak si\u0119 pojawi\u0142a.<\/p>\n<p>Charakterystaczne dla naszego regionu s\u0105 wy\u017csze temperatury i lepsza pogoda od regionu p\u00f3\u0142nocnej Krety szczeg\u00f3lnie w okresie jesiennym i wiosennym. Pasmo g\u00f3rskie Ida zatrzymuje wi\u0119kszo\u015b\u0107 chmur, kt\u00f3re najcz\u0119\u015bciej przychodz\u0105 wtedy z p\u00f3\u0142nocy i dzi\u0119ki temu udany urlop w Listaros mo\u017cna mie\u0107 r\u00f3wnie\u017c poza sezonem. A latem sta\u0142e i przyjemne wiatry likwiduj\u0105 wra\u017cenie upa\u0142\u00f3w.<\/p>\n<blockquote><p>Gwarantowany wypoczynek przy basenie ze wspania\u0142ymi widokami na morze i g\u00f3ry z wysoko\u015bci oko\u0142o 200 m nad poziomem morza.<\/p><\/blockquote>\n<p>Dobry punkt startowy na wycieczki we wszystkie strony Krety, na pla\u017c\u0119 w Komos lub do malowniczych zatoczek, gdzie mo\u017cna upaja\u0107 si\u0119 natur\u0105.<\/p>\n<p>&nbsp;<\/p>\n<p><strong>Visual impressions around the apartments<\/strong><\/p>\n<div id=\"su_slider_69f3553117801\" class=\"su-slider su-slider-centered su-slider-pages-yes su-slider-responsive-yes su-lightbox-gallery\" style=\"width:100%\" data-autoplay=\"2000\" data-speed=\"600\" data-mousewheel=\"true\"><div class=\"su-slider-slides\"><div class=\"su-slider-slide\"><a href=\"https:\/\/ferien-kreta.de\/wp-content\/uploads\/2017\/04\/Ferien-Kreta-7.jpg\"  title=\"Ferien-Kreta (7)\"><img decoding=\"async\" src=\"https:\/\/ferien-kreta.de\/wp-content\/uploads\/2017\/04\/Ferien-Kreta-7-600x300.jpg\" alt=\"Ferien-Kreta (7)\" \/><\/a><\/div><div class=\"su-slider-slide\"><a href=\"https:\/\/ferien-kreta.de\/wp-content\/uploads\/2017\/04\/Ferien-Kreta-3.jpg\"  title=\"Ferien-Kreta (3)\"><img decoding=\"async\" src=\"https:\/\/ferien-kreta.de\/wp-content\/uploads\/2017\/04\/Ferien-Kreta-3-600x300.jpg\" alt=\"Ferien-Kreta (3)\" \/><\/a><\/div><div class=\"su-slider-slide\"><a href=\"https:\/\/ferien-kreta.de\/wp-content\/uploads\/2017\/04\/Ferien-Kreta-4.jpg\"  title=\"Ferien-Kreta (4)\"><img decoding=\"async\" src=\"https:\/\/ferien-kreta.de\/wp-content\/uploads\/2017\/04\/Ferien-Kreta-4-600x300.jpg\" alt=\"Ferien-Kreta (4)\" \/><\/a><\/div><div class=\"su-slider-slide\"><a href=\"https:\/\/ferien-kreta.de\/wp-content\/uploads\/2017\/04\/Ferien-Kreta-6.jpg\"  title=\"Ferien-Kreta (6)\"><img decoding=\"async\" src=\"https:\/\/ferien-kreta.de\/wp-content\/uploads\/2017\/04\/Ferien-Kreta-6-600x300.jpg\" alt=\"Ferien-Kreta (6)\" \/><\/a><\/div><div class=\"su-slider-slide\"><a href=\"https:\/\/ferien-kreta.de\/wp-content\/uploads\/2017\/04\/Ferien-Kreta-5.jpg\"  title=\"Ferien-Kreta (5)\"><img decoding=\"async\" src=\"https:\/\/ferien-kreta.de\/wp-content\/uploads\/2017\/04\/Ferien-Kreta-5-600x300.jpg\" alt=\"Ferien-Kreta (5)\" \/><\/a><\/div><div class=\"su-slider-slide\"><a href=\"https:\/\/ferien-kreta.de\/wp-content\/uploads\/2017\/04\/Ferien-Kreta-1.jpg\"  title=\"Ferien-Kreta (1)\"><img decoding=\"async\" src=\"https:\/\/ferien-kreta.de\/wp-content\/uploads\/2017\/04\/Ferien-Kreta-1-600x300.jpg\" alt=\"Ferien-Kreta (1)\" \/><\/a><\/div><div class=\"su-slider-slide\"><a href=\"https:\/\/ferien-kreta.de\/wp-content\/uploads\/2017\/04\/Ferien-Kreta-10.jpg\"  title=\"Ferien-Kreta (10)\"><img decoding=\"async\" src=\"https:\/\/ferien-kreta.de\/wp-content\/uploads\/2017\/04\/Ferien-Kreta-10-600x300.jpg\" alt=\"Ferien-Kreta (10)\" \/><\/a><\/div><div class=\"su-slider-slide\"><a href=\"https:\/\/ferien-kreta.de\/wp-content\/uploads\/2017\/04\/Ferien-Kreta-11.jpg\"  title=\"Ferien-Kreta (11)\"><img decoding=\"async\" src=\"https:\/\/ferien-kreta.de\/wp-content\/uploads\/2017\/04\/Ferien-Kreta-11-600x300.jpg\" alt=\"Ferien-Kreta (11)\" \/><\/a><\/div><div class=\"su-slider-slide\"><a href=\"https:\/\/ferien-kreta.de\/wp-content\/uploads\/2017\/04\/Ferien-Kreta-13.jpg\"  title=\"Ferien-Kreta (13)\"><img decoding=\"async\" src=\"https:\/\/ferien-kreta.de\/wp-content\/uploads\/2017\/04\/Ferien-Kreta-13-600x300.jpg\" alt=\"Ferien-Kreta (13)\" \/><\/a><\/div><div class=\"su-slider-slide\"><a href=\"https:\/\/ferien-kreta.de\/wp-content\/uploads\/2017\/04\/Ferien-Kreta-12.jpg\"  title=\"Ferien-Kreta (12)\"><img decoding=\"async\" src=\"https:\/\/ferien-kreta.de\/wp-content\/uploads\/2017\/04\/Ferien-Kreta-12-600x300.jpg\" alt=\"Ferien-Kreta (12)\" \/><\/a><\/div><div class=\"su-slider-slide\"><a href=\"https:\/\/ferien-kreta.de\/wp-content\/uploads\/2017\/04\/Ferien-Kreta-9.jpg\"  title=\"Ferien-Kreta (9)\"><img decoding=\"async\" src=\"https:\/\/ferien-kreta.de\/wp-content\/uploads\/2017\/04\/Ferien-Kreta-9-600x300.jpg\" alt=\"Ferien-Kreta (9)\" \/><\/a><\/div><div class=\"su-slider-slide\"><a href=\"https:\/\/ferien-kreta.de\/wp-content\/uploads\/2017\/04\/Ferien-Kreta-8.jpg\"  title=\"Ferien-Kreta (8)\"><img decoding=\"async\" src=\"https:\/\/ferien-kreta.de\/wp-content\/uploads\/2017\/04\/Ferien-Kreta-8-600x300.jpg\" alt=\"Ferien-Kreta (8)\" \/><\/a><\/div><div class=\"su-slider-slide\"><a href=\"https:\/\/ferien-kreta.de\/wp-content\/uploads\/2017\/04\/Ferien-Kreta-2.jpg\"  title=\"Ferien-Kreta (2)\"><img decoding=\"async\" src=\"https:\/\/ferien-kreta.de\/wp-content\/uploads\/2017\/04\/Ferien-Kreta-2-600x300.jpg\" alt=\"Ferien-Kreta (2)\" \/><\/a><\/div><\/div><div class=\"su-slider-nav\"><div class=\"su-slider-direction\"><span class=\"su-slider-prev\"><\/span><span class=\"su-slider-next\"><\/span><\/div><div class=\"su-slider-pagination\"><\/div><\/div><\/div>","protected":false},"excerpt":{"rendered":"<p>Kreta mo\u017ce oczarowa\u0107 swoj\u0105 kultur\u0105, mieszka\u0144cami, kuchni\u0105, widokami i pewn\u0105 pogod\u0105. Nasza c\u00f3rka Izabella prowadz\u0105c budow\u0119 naszego objektu w roku 2007, zapomnia\u0142a jak wygl\u0105daj\u0105 chmury. Przez 5 miesi\u0119cy ich nie widzia\u0142a i gdy niespodziewanie cie\u0144 przeszed\u0142 przez Listaros, przestraszy\u0142a sie jakby mia\u0142o nast\u0105pi\u0107 jakie\u015b nieszcz\u0119\u015bcie. To by\u0142o we wrze\u015bniu a chmura na b\u0142ekitnym niebie by\u0142a &#8230; <a title=\"Serdecznie witamy w po\u0142udniowej Krecie w Listaros, gdzie mieszka s\u0142o\u0144ce!\" class=\"read-more\" href=\"https:\/\/ferien-kreta.de\/pl\/\" aria-label=\"Dowiedz si\u0119 wi\u0119cej o Serdecznie witamy w po\u0142udniowej Krecie w Listaros, gdzie mieszka s\u0142o\u0144ce!\">Dowiedz si\u0119 wi\u0119cej<\/a><\/p>\n","protected":false},"author":1,"featured_media":482,"parent":0,"menu_order":0,"comment_status":"closed","ping_status":"closed","template":"","meta":{"generate_page_header":"","footnotes":""},"class_list":["post-5","page","type-page","status-publish","has-post-thumbnail"],"_links":{"self":[{"href":"https:\/\/ferien-kreta.de\/pl\/wp-json\/wp\/v2\/pages\/5","targetHints":{"allow":["GET"]}}],"collection":[{"href":"https:\/\/ferien-kreta.de\/pl\/wp-json\/wp\/v2\/pages"}],"about":[{"href":"https:\/\/ferien-kreta.de\/pl\/wp-json\/wp\/v2\/types\/page"}],"author":[{"embeddable":true,"href":"https:\/\/ferien-kreta.de\/pl\/wp-json\/wp\/v2\/users\/1"}],"replies":[{"embeddable":true,"href":"https:\/\/ferien-kreta.de\/pl\/wp-json\/wp\/v2\/comments?post=5"}],"version-history":[{"count":10,"href":"https:\/\/ferien-kreta.de\/pl\/wp-json\/wp\/v2\/pages\/5\/revisions"}],"predecessor-version":[{"id":572,"href":"https:\/\/ferien-kreta.de\/pl\/wp-json\/wp\/v2\/pages\/5\/revisions\/572"}],"wp:featuredmedia":[{"embeddable":true,"href":"https:\/\/ferien-kreta.de\/pl\/wp-json\/wp\/v2\/media\/482"}],"wp:attachment":[{"href":"https:\/\/ferien-kreta.de\/pl\/wp-json\/wp\/v2\/media?parent=5"}],"curies":[{"name":"wp","href":"https:\/\/api.w.org\/{rel}","templated":true}]}}

Serdecznie witamy w południowej Krecie w Listaros, gdzie mieszka słońce!

<img loading="lazy" decoding="async" class="alignright size-medium wp-image-252" src="https://ferien-kreta.de/wp-content/uploads/2017/04/Ferien-Kreta-3-300x200.jpg" alt="" width="300" height="200" srcset="https://ferien-kreta.de/wp-content/uploads/2017/04/Ferien-Kreta-3-300x200.jpg 300w, https://ferien-kreta.de/wp-content/uploads/2017/04/Ferien-Kreta-3-768x511.jpg 768w, https://ferien-kreta.de/wp-content/uploads/2017/04/Ferien-Kreta-3-1024x681.jpg 1024w, https://ferien-kreta.de/wp-content/uploads/2017/04/Ferien-Kreta-3.jpg 1600w" sizes="auto, (max-width: 300px) 100vw, 300px" />Kreta może oczarować swoją kulturą, mieszkańcami, kuchnią, widokami i pewną pogodą.<br />
Nasza córka Izabella prowadząc budowę naszego objektu w roku 2007, zapomniała jak wyglądają chmury. Przez 5 miesięcy ich nie widziała i gdy niespodziewanie cień przeszedł przez Listaros, przestraszyła sie jakby miało nastąpić jakieś nieszczęście. To było we wrześniu a chmura na błekitnym niebie była bardza mała i zniknęła tak szybko jak się pojawiła.</p>
<p>Charakterystaczne dla naszego regionu są wyższe temperatury i lepsza pogoda od regionu północnej Krety szczególnie w okresie jesiennym i wiosennym. Pasmo górskie Ida zatrzymuje większość chmur, które najczęściej przychodzą wtedy z północy i dzięki temu udany urlop w Listaros można mieć również poza sezonem. A latem stałe i przyjemne wiatry likwidują wrażenie upałów.</p>
<blockquote><p>Gwarantowany wypoczynek przy basenie ze wspaniałymi widokami na morze i góry z wysokości około 200 m nad poziomem morza.</p></blockquote>
<p>Dobry punkt startowy na wycieczki we wszystkie strony Krety, na plażę w Komos lub do malowniczych zatoczek, gdzie można upajać się naturą.</p>
<p>&nbsp;</p>
<p><strong>Visual impressions around the apartments</strong></p>
<div id="su_slider_69f3553117801" class="su-slider su-slider-centered su-slider-pages-yes su-slider-responsive-yes su-lightbox-gallery" style="width:100%" data-autoplay="2000" data-speed="600" data-mousewheel="true"><div class="su-slider-slides"><div class="su-slider-slide"><a href="https://ferien-kreta.de/wp-content/uploads/2017/04/Ferien-Kreta-7.jpg"  title="Ferien-Kreta (7)"><img decoding="async" src="https://ferien-kreta.de/wp-content/uploads/2017/04/Ferien-Kreta-7-600x300.jpg" alt="Ferien-Kreta (7)" /></a></div><div class="su-slider-slide"><a href="https://ferien-kreta.de/wp-content/uploads/2017/04/Ferien-Kreta-3.jpg"  title="Ferien-Kreta (3)"><img decoding="async" src="https://ferien-kreta.de/wp-content/uploads/2017/04/Ferien-Kreta-3-600x300.jpg" alt="Ferien-Kreta (3)" /></a></div><div class="su-slider-slide"><a href="https://ferien-kreta.de/wp-content/uploads/2017/04/Ferien-Kreta-4.jpg"  title="Ferien-Kreta (4)"><img decoding="async" src="https://ferien-kreta.de/wp-content/uploads/2017/04/Ferien-Kreta-4-600x300.jpg" alt="Ferien-Kreta (4)" /></a></div><div class="su-slider-slide"><a href="https://ferien-kreta.de/wp-content/uploads/2017/04/Ferien-Kreta-6.jpg"  title="Ferien-Kreta (6)"><img decoding="async" src="https://ferien-kreta.de/wp-content/uploads/2017/04/Ferien-Kreta-6-600x300.jpg" alt="Ferien-Kreta (6)" /></a></div><div class="su-slider-slide"><a href="https://ferien-kreta.de/wp-content/uploads/2017/04/Ferien-Kreta-5.jpg"  title="Ferien-Kreta (5)"><img decoding="async" src="https://ferien-kreta.de/wp-content/uploads/2017/04/Ferien-Kreta-5-600x300.jpg" alt="Ferien-Kreta (5)" /></a></div><div class="su-slider-slide"><a href="https://ferien-kreta.de/wp-content/uploads/2017/04/Ferien-Kreta-1.jpg"  title="Ferien-Kreta (1)"><img decoding="async" src="https://ferien-kreta.de/wp-content/uploads/2017/04/Ferien-Kreta-1-600x300.jpg" alt="Ferien-Kreta (1)" /></a></div><div class="su-slider-slide"><a href="https://ferien-kreta.de/wp-content/uploads/2017/04/Ferien-Kreta-10.jpg"  title="Ferien-Kreta (10)"><img decoding="async" src="https://ferien-kreta.de/wp-content/uploads/2017/04/Ferien-Kreta-10-600x300.jpg" alt="Ferien-Kreta (10)" /></a></div><div class="su-slider-slide"><a href="https://ferien-kreta.de/wp-content/uploads/2017/04/Ferien-Kreta-11.jpg"  title="Ferien-Kreta (11)"><img decoding="async" src="https://ferien-kreta.de/wp-content/uploads/2017/04/Ferien-Kreta-11-600x300.jpg" alt="Ferien-Kreta (11)" /></a></div><div class="su-slider-slide"><a href="https://ferien-kreta.de/wp-content/uploads/2017/04/Ferien-Kreta-13.jpg"  title="Ferien-Kreta (13)"><img decoding="async" src="https://ferien-kreta.de/wp-content/uploads/2017/04/Ferien-Kreta-13-600x300.jpg" alt="Ferien-Kreta (13)" /></a></div><div class="su-slider-slide"><a href="https://ferien-kreta.de/wp-content/uploads/2017/04/Ferien-Kreta-12.jpg"  title="Ferien-Kreta (12)"><img decoding="async" src="https://ferien-kreta.de/wp-content/uploads/2017/04/Ferien-Kreta-12-600x300.jpg" alt="Ferien-Kreta (12)" /></a></div><div class="su-slider-slide"><a href="https://ferien-kreta.de/wp-content/uploads/2017/04/Ferien-Kreta-9.jpg"  title="Ferien-Kreta (9)"><img decoding="async" src="https://ferien-kreta.de/wp-content/uploads/2017/04/Ferien-Kreta-9-600x300.jpg" alt="Ferien-Kreta (9)" /></a></div><div class="su-slider-slide"><a href="https://ferien-kreta.de/wp-content/uploads/2017/04/Ferien-Kreta-8.jpg"  title="Ferien-Kreta (8)"><img decoding="async" src="https://ferien-kreta.de/wp-content/uploads/2017/04/Ferien-Kreta-8-600x300.jpg" alt="Ferien-Kreta (8)" /></a></div><div class="su-slider-slide"><a href="https://ferien-kreta.de/wp-content/uploads/2017/04/Ferien-Kreta-2.jpg"  title="Ferien-Kreta (2)"><img decoding="async" src="https://ferien-kreta.de/wp-content/uploads/2017/04/Ferien-Kreta-2-600x300.jpg" alt="Ferien-Kreta (2)" /></a></div></div><div class="su-slider-nav"><div class="su-slider-direction"><span class="su-slider-prev"></span><span class="su-slider-next"></span></div><div class="su-slider-pagination"></div></div></div>

<p>Kreta może oczarować swoją kulturą, mieszkańcami, kuchnią, widokami i pewną pogodą. Nasza córka Izabella prowadząc budowę naszego objektu w roku 2007, zapomniała jak wyglądają chmury. Przez 5 miesięcy ich nie widziała i gdy niespodziewanie cień przeszedł przez Listaros, przestraszyła sie jakby miało nastąpić jakieś nieszczęście. To było we wrześniu a chmura na błekitnym niebie była &#8230; <a title="Serdecznie witamy w południowej Krecie w Listaros, gdzie mieszka słońce!" class="read-more" href="https://ferien-kreta.de/pl/" aria-label="Dowiedz się więcej o Serdecznie witamy w południowej Krecie w Listaros, gdzie mieszka słońce!">Dowiedz się więcej</a></p>
